{"id":6,"date":"2021-02-24T08:06:06","date_gmt":"2021-02-24T08:06:06","guid":{"rendered":"http:\/\/kthtx.vn\/?page_id=6"},"modified":"2026-04-10T15:06:04","modified_gmt":"2026-04-10T08:06:04","slug":"phan-mem-ke-toan-htx","status":"publish","type":"page","link":"https:\/\/kthtx.vn\/index.php\/phan-mem-ke-toan-htx\/","title":{"rendered":"Ph\u1ea7n m\u1ec1m k\u1ebf to\u00e1n h\u1ee3p t\u00e1c x\u00e3 theo th\u00f4ng t\u01b0 71 2024\/TT-BTC"},"content":{"rendered":"\n<div class=\"wp-block-group alignwide\"><div class=\"wp-block-group__inner-container is-layout-flow wp-block-group-is-layout-flow\">\n<p>M\u00e0n h\u00ecnh ch\u00ednh c\u1ee7a ph\u1ea7n m\u1ec1m k\u1ebf to\u00e1n h\u1ee3p t\u00e1c x\u00e3 n\u00f4ng nghi\u1ec7p, d\u1ecbch v\u1ee5 n\u00f4ng nghi\u1ec7p, t\u00edn d\u1ee5ng n\u1ed9i b\u1ed9, h\u1ee3p t\u00e1c x\u00e3 \u0111i\u1ec7n.  <\/p>\n\n\n\n<figure class=\"wp-block-image size-large\"><img loading=\"lazy\" decoding=\"async\" width=\"810\" height=\"608\" src=\"http:\/\/kthtx.vn\/wp-content\/uploads\/2021\/02\/image-3.png\" alt=\"\" class=\"wp-image-31\" srcset=\"https:\/\/kthtx.vn\/wp-content\/uploads\/2021\/02\/image-3.png 810w, https:\/\/kthtx.vn\/wp-content\/uploads\/2021\/02\/image-3-600x450.png 600w, https:\/\/kthtx.vn\/wp-content\/uploads\/2021\/02\/image-3-300x225.png 300w, https:\/\/kthtx.vn\/wp-content\/uploads\/2021\/02\/image-3-768x576.png 768w\" sizes=\"auto, (max-width: 810px) 100vw, 810px\" \/><\/figure>\n\n\n\n<p>M\u1eabu phi\u1ebfu chi ch\u1ebf \u0111\u1ed9 k\u1ebf to\u00e1n h\u1ee3p t\u00e1c x\u00e3 hi\u1ec7n th\u00e0nh<\/p>\n\n\n\n<figure class=\"wp-block-image size-large\"><img loading=\"lazy\" decoding=\"async\" width=\"803\" height=\"555\" src=\"http:\/\/kthtx.vn\/wp-content\/uploads\/2021\/02\/image-1.png\" alt=\"\" class=\"wp-image-29\" srcset=\"https:\/\/kthtx.vn\/wp-content\/uploads\/2021\/02\/image-1.png 803w, https:\/\/kthtx.vn\/wp-content\/uploads\/2021\/02\/image-1-600x415.png 600w, https:\/\/kthtx.vn\/wp-content\/uploads\/2021\/02\/image-1-300x207.png 300w, https:\/\/kthtx.vn\/wp-content\/uploads\/2021\/02\/image-1-768x531.png 768w\" sizes=\"auto, (max-width: 803px) 100vw, 803px\" \/><\/figure>\n\n\n\n<p>C\u00e1c b\u00e1o c\u00e1o t\u00e0i ch\u00ednh theo th\u00f4ng t\u01b0 s\u1ed1 <a href=\"http:\/\/kthtx.vn\/index.php\/2025\/03\/03\/thong-tu-71-2024-tt-btc-huong-dan-che-do-ke-toan-hop-tac-xa-lien-hiep-hop-tac-xa\/\">71\/2024\/TT-BTC<\/a>. Ph\u1ea7n m\u1ec1m k\u1ebf to\u00e1n h\u1ee3p t\u00e1c x\u00e3 n\u0103m 2025<\/p>\n\n\n\n<figure class=\"wp-block-image size-large is-resized\"><img loading=\"lazy\" decoding=\"async\" width=\"674\" height=\"334\" src=\"http:\/\/kthtx.vn\/wp-content\/uploads\/2021\/02\/image.png\" alt=\"\" class=\"wp-image-28\" style=\"width:592px;height:auto\" srcset=\"https:\/\/kthtx.vn\/wp-content\/uploads\/2021\/02\/image.png 674w, https:\/\/kthtx.vn\/wp-content\/uploads\/2021\/02\/image-600x297.png 600w, https:\/\/kthtx.vn\/wp-content\/uploads\/2021\/02\/image-300x149.png 300w\" sizes=\"auto, (max-width: 674px) 100vw, 674px\" \/><\/figure>\n\n\n\n<p>M\u1eabu b\u1ea3ng c\u00e2n \u0111\u1ed1i t\u00e0i kho\u1ea3n in ra t\u1eeb ph\u1ea7n m\u1ec1m theo th\u00f4ng t\u01b0 s\u1ed1 <a href=\"http:\/\/kthtx.vn\/index.php\/2025\/03\/03\/thong-tu-71-2024-tt-btc-huong-dan-che-do-ke-toan-hop-tac-xa-lien-hiep-hop-tac-xa\/\">71\/2024\/TT-BTC<\/a>.. B\u00e1o c\u00e1o t\u00e0i ch\u00ednh k\u1ebf to\u00e1n h\u1ee3p t\u00e1c x\u00e3<\/p>\n\n\n\n<figure class=\"wp-block-image size-large\"><img loading=\"lazy\" decoding=\"async\" width=\"1024\" height=\"671\" src=\"http:\/\/kthtx.vn\/wp-content\/uploads\/2021\/02\/image-5-1024x671.png\" alt=\"\" class=\"wp-image-33\" srcset=\"https:\/\/kthtx.vn\/wp-content\/uploads\/2021\/02\/image-5-1024x671.png 1024w, https:\/\/kthtx.vn\/wp-content\/uploads\/2021\/02\/image-5-600x393.png 600w, https:\/\/kthtx.vn\/wp-content\/uploads\/2021\/02\/image-5-300x197.png 300w, https:\/\/kthtx.vn\/wp-content\/uploads\/2021\/02\/image-5-768x503.png 768w, https:\/\/kthtx.vn\/wp-content\/uploads\/2021\/02\/image-5.png 1062w\" sizes=\"auto, (max-width: 1024px) 100vw, 1024px\" \/><\/figure>\n\n\n\n<p>M\u1eabu b\u00e1o c\u00e1o t\u00ecnh h\u00ecnh t\u00e0i ch\u00ednh theo th\u00f4ng t\u01b0 <a href=\"http:\/\/kthtx.vn\/index.php\/2025\/03\/03\/thong-tu-71-2024-tt-btc-huong-dan-che-do-ke-toan-hop-tac-xa-lien-hiep-hop-tac-xa\/\">71\/2024\/TT-BTC<\/a>. in ra t\u1eeb ph\u1ea7n m\u1ec1m k\u1ebf to\u00e1n HTX Lotus. B\u00e1o c\u00e1o t\u00e0i ch\u00ednh h\u1ee3p t\u00e1c x\u00e3 theo quy \u0111\u1ecbnh.<\/p>\n\n\n\n<figure class=\"wp-block-image size-large\"><img loading=\"lazy\" decoding=\"async\" width=\"1010\" height=\"669\" src=\"http:\/\/kthtx.vn\/wp-content\/uploads\/2021\/02\/image-2.png\" alt=\"\" class=\"wp-image-30\" srcset=\"https:\/\/kthtx.vn\/wp-content\/uploads\/2021\/02\/image-2.png 1010w, https:\/\/kthtx.vn\/wp-content\/uploads\/2021\/02\/image-2-600x397.png 600w, https:\/\/kthtx.vn\/wp-content\/uploads\/2021\/02\/image-2-300x199.png 300w, https:\/\/kthtx.vn\/wp-content\/uploads\/2021\/02\/image-2-768x509.png 768w\" sizes=\"auto, (max-width: 1010px) 100vw, 1010px\" \/><\/figure>\n\n\n\n<p>M\u1eabu k\u1ebft qu\u1ea3 kinh doanh theo th\u00f4ng t\u01b0 s\u1ed1 <a href=\"http:\/\/kthtx.vn\/index.php\/2025\/03\/03\/thong-tu-71-2024-tt-btc-huong-dan-che-do-ke-toan-hop-tac-xa-lien-hiep-hop-tac-xa\/\">71\/2024\/TT-BTC<\/a>. in ra t\u1eeb ph\u1ea7n m\u1ec1m k\u1ebf to\u00e1n HTX Lotus. K\u1ebft qu\u1ea3 ho\u1ea1t \u0111\u1ed9ng kinh doanh c\u1ee7a c\u00e1c h\u1ee3p t\u00e1c x\u00e3 <\/p>\n\n\n\n<figure class=\"wp-block-image size-large\"><img loading=\"lazy\" decoding=\"async\" width=\"1002\" height=\"679\" src=\"http:\/\/kthtx.vn\/wp-content\/uploads\/2021\/02\/image-4.png\" alt=\"\" class=\"wp-image-32\" srcset=\"https:\/\/kthtx.vn\/wp-content\/uploads\/2021\/02\/image-4.png 1002w, https:\/\/kthtx.vn\/wp-content\/uploads\/2021\/02\/image-4-600x407.png 600w, https:\/\/kthtx.vn\/wp-content\/uploads\/2021\/02\/image-4-300x203.png 300w, https:\/\/kthtx.vn\/wp-content\/uploads\/2021\/02\/image-4-768x520.png 768w\" sizes=\"auto, (max-width: 1002px) 100vw, 1002px\" \/><\/figure>\n\n\n\n<figure><iframe loading=\"lazy\" src=\"https:\/\/www.youtube.com\/embed\/B2MnhTdqwfk\" width=\"640\" height=\"360\"><\/iframe><\/figure>\n\n\n\n<p>Xem gi\u1edbi thi\u1ec7u t\u1ed5ng quan k\u1ebf to\u00e1n h\u1ee3p t\u00e1c x\u00e3, m\u1eabu s\u1ed5 k\u1ebf to\u00e1n h\u1ee3p t\u00e1c x\u00e3, b\u00e1o c\u00e1o t\u00e0i ch\u00ednh h\u1ee3p t\u00e1c x\u00e3, li\u00ean minh h\u1ee3p t\u00e1c x\u00e3<strong><a href=\"http:\/\/phanmemketoanlotus.com\/lotusupdate\/ultra.exe\" target=\"_blank\" rel=\"noreferrer noopener\">&nbsp;&nbsp; L<\/a><a href=\"https:\/\/www.facebook.com\/sharer.php?u=http%3A%2F%2Fphanmemketoanlotus.com\" target=\"_blank\" rel=\"noreferrer noopener\">otus 6<\/a><br><\/strong><\/p>\n\n\n\n<h1 class=\"wp-block-heading\">Kho\u00e1 s\u1ed5 k\u1ebft chuy\u1ec3n cu\u1ed1i k\u1ef3 k\u1ebf to\u00e1n h\u1ee3p t\u00e1c x\u00e3<\/h1>\n\n\n\n<p>K\u1ebft th\u00fac vi\u1ec7c l\u1eadp ch\u1ee9ng t\u1eeb, ph\u1ea7n m\u1ec1m s\u1ebd t\u1ef1 \u0111\u1ed9ng vi\u1ebft nghi\u1ec7p v\u1ee5 c\u1ee7a ch\u1ee9ng t\u1eeb \u0111\u00f3 v\u00e0o c\u00e1c lo\u1ea1i s\u1ed5 s\u00e1ch k\u1ebf to\u00e1n theo quy \u0111\u1ecbnh ch\u1ebf \u0111\u1ed9 k\u1ebf to\u00e1n HTX.<\/p>\n\n\n\n<p>V\u1edbi ph\u1ea7n m\u1ec1m n\u00e0y, k\u1ebf to\u00e1n tr\u01b0\u1edfng h\u1ee3p t\u00e1c x\u00e3 kh\u00f4ng c\u1ea7n t\u1eadp h\u1ee3p c\u00e1c nghi\u1ec7p v\u1ee5 v\u00e0 ch\u1ee9ng t\u1eeb c\u1ee7a k\u1ebf to\u00e1n vi\u00ean. H\u1ec7 th\u1ed1ng qu\u1ea3n tr\u1ecb s\u1ebd t\u1ef1 \u0111\u1ed9ng t\u1eadp h\u1ee3p t\u1eeb s\u1ed5 chi ti\u1ebft v\u00e0 l\u00ean b\u00e1o c\u00e1o. C\u00e1c nghi\u1ec7p v\u1ee5 k\u1ebft chuy\u1ec3n cu\u1ed1i k\u1ef3 s\u1ebd \u0111\u01b0\u1ee3c ph\u1ea7n m\u1ec1m k\u1ebf to\u00e1n h\u1ee3p t\u00e1c x\u00e3 Lotus t\u00ednh to\u00e1n v\u00e0 th\u1ef1c hi\u1ec7n kho\u00e1 s\u1ed5 \u0111\u1ec3 x\u00e1c \u0111\u1ecbnh l\u00e3i l\u1ed7.<\/p>\n\n\n\n<p>V\u1edbi s\u1ed1 li\u1ec7u c\u00f3 sai s\u00f3t, ch\u01b0\u01a1ng tr\u00ecnh s\u1ebd ch\u1ec9 ra l\u1ed7i h\u1ea1ch to\u00e1n, l\u1ed7i kh\u00f4ng c\u00e2n \u0111\u1ed1i. Theo \u0111\u00f3 k\u1ebf to\u00e1n tr\u01b0\u1edfng t\u00ecm ch\u1ee9ng t\u1eeb v\u00e0 \u0111i\u1ec1u ch\u1ec9nh vi\u1ec7c h\u1ea1ch to\u00e1n k\u1ebf to\u00e1n c\u1ee7a m\u00ecnh<\/p>\n\n\n\n<h1 class=\"wp-block-heading\">C\u00f4ng vi\u1ec7c cu\u1ed1i k\u1ef3 c\u1ee7a k\u1ebf to\u00e1n trong h\u1ee3p t\u00e1c x\u00e3<\/h1>\n\n\n\n<p>T\u1ef1 \u0111\u1ed9ng k\u1ebft chuy\u1ec3n v\u00e0 kh\u00f3a s\u1ed5 cu\u1ed1i k\u1ef3 \u0111\u1ec3 l\u00ean b\u00e1o c\u00e1o t\u00e0i ch\u00ednh. Cung c\u1ea5p b\u00e1o c\u00e1o chi ti\u1ebft c\u00e1c kho\u1ea3n chi, thu h\u00e0ng th\u00e1ng c\u1ee7a \u0111\u01a1n v\u1ecb, H\u01b0\u1edbng d\u1eabn nghi\u1ec7p v\u1ee5 k\u1ebf to\u00e1n h\u1ee3p t\u00e1c x\u00e3 trong qu\u00e1 tr\u00ecnh l\u00e0m vi\u1ec7c<\/p>\n\n\n\n<p>\u0110T : 0989 228 108 \u0111\u1ec3 bi\u1ebft th\u00eam v\u1ec1 k\u1ebf to\u00e1n h\u1ee3p t\u00e1c x\u00e3, h\u1ea1ch to\u00e1n k\u1ebf to\u00e1n h\u1ee3p t\u00e1c x\u00e3 v\u00e0 h\u1ecdc th\u00eam v\u1ec1 k\u1ebf to\u00e1n h\u1ee3p t\u00e1c x\u00e3<\/p>\n\n\n\n<p>Ph\u1ea7n m\u1ec1m qu\u1ea3n l\u00fd t\u00e0i ch\u00ednh k\u1ebf to\u00e1n HTX theo th\u00f4ng t\u01b0 71\/2024\/TT-BTC quy \u0111\u1ecbnh v\u1ec1 ch\u1ebf \u0111\u1ed9 h\u1ea1ch to\u00e1n k\u1ebf to\u00e1n HTX. <\/p>\n\n\n\n<div class=\"wp-block-group\"><div class=\"wp-block-group__inner-container is-layout-flow wp-block-group-is-layout-flow\">\n<p><a href=\" https:\/\/kthtx.vn\/landingpage-bsc-qtkd.html\"> https:\/\/kthtx.vn\/landingpage-bsc-qtkd.html<\/a><\/p>\n<\/div><\/div>\n\n\n\n<p><a href=\"http:\/\/ql.kthtx.vn\/d\/DiaChi.zip\">C\u1eadp nh\u1eadt<\/a><\/p>\n<\/div><\/div>\n\n\n<p class=\"wp-block-tag-cloud\"><a href=\"https:\/\/kthtx.vn\/index.php\/tag\/bao-cao-tai-chinh-htx\/\" class=\"tag-cloud-link tag-link-29 tag-link-position-1\" style=\"font-size: 22pt;\" aria-label=\"b\u00e1o c\u00e1o t\u00e0i ch\u00ednh htx (6 m\u1ee5c)\">b\u00e1o c\u00e1o t\u00e0i ch\u00ednh htx<\/a>\n<a href=\"https:\/\/kthtx.vn\/index.php\/tag\/crm\/\" class=\"tag-cloud-link tag-link-102 tag-link-position-2\" style=\"font-size: 18.181818181818pt;\" aria-label=\"crm (4 m\u1ee5c)\">crm<\/a>\n<a href=\"https:\/\/kthtx.vn\/index.php\/tag\/doanh-thu\/\" class=\"tag-cloud-link tag-link-164 tag-link-position-3\" style=\"font-size: 12.581818181818pt;\" aria-label=\"doanh thu (2 m\u1ee5c)\">doanh thu<\/a>\n<a href=\"https:\/\/kthtx.vn\/index.php\/tag\/dich-vu-htx-tin-dung\/\" class=\"tag-cloud-link tag-link-25 tag-link-position-4\" style=\"font-size: 8pt;\" aria-label=\"d\u1ecbch v\u1ee5 htx t\u00edn d\u1ee5ng (1 m\u1ee5c)\">d\u1ecbch v\u1ee5 htx t\u00edn d\u1ee5ng<\/a>\n<a href=\"https:\/\/kthtx.vn\/index.php\/tag\/hach-toan-gia-thanh-trong-htx\/\" class=\"tag-cloud-link tag-link-27 tag-link-position-5\" style=\"font-size: 8pt;\" aria-label=\"h\u1ea1ch to\u00e1n gi\u00e1 th\u00e0nh trong htx (1 m\u1ee5c)\">h\u1ea1ch to\u00e1n gi\u00e1 th\u00e0nh trong htx<\/a>\n<a href=\"https:\/\/kthtx.vn\/index.php\/tag\/hach-toan-tien-mat-trong-hop-tac-xa\/\" class=\"tag-cloud-link tag-link-16 tag-link-position-6\" style=\"font-size: 8pt;\" aria-label=\"h\u1ea1ch to\u00e1n ti\u1ec1n m\u1eb7t trong h\u1ee3p t\u00e1c x\u00e3 (1 m\u1ee5c)\">h\u1ea1ch to\u00e1n ti\u1ec1n m\u1eb7t trong h\u1ee3p t\u00e1c x\u00e3<\/a>\n<a href=\"https:\/\/kthtx.vn\/index.php\/tag\/hach-toan-tai-khoan-546\/\" class=\"tag-cloud-link tag-link-53 tag-link-position-7\" style=\"font-size: 12.581818181818pt;\" aria-label=\"h\u1ea1ch to\u00e1n t\u00e0i kho\u1ea3n 546 (2 m\u1ee5c)\">h\u1ea1ch to\u00e1n t\u00e0i kho\u1ea3n 546<\/a>\n<a href=\"https:\/\/kthtx.vn\/index.php\/tag\/hach-toan-tai-khoan-558\/\" class=\"tag-cloud-link tag-link-51 tag-link-position-8\" style=\"font-size: 12.581818181818pt;\" aria-label=\"h\u1ea1ch to\u00e1n t\u00e0i kho\u1ea3n 558 (2 m\u1ee5c)\">h\u1ea1ch to\u00e1n t\u00e0i kho\u1ea3n 558<\/a>\n<a href=\"https:\/\/kthtx.vn\/index.php\/tag\/hop-tac-xa\/\" class=\"tag-cloud-link tag-link-20 tag-link-position-9\" style=\"font-size: 12.581818181818pt;\" aria-label=\"h\u1ee3p t\u00e1c x\u00e3 (2 m\u1ee5c)\">h\u1ee3p t\u00e1c x\u00e3<\/a>\n<a href=\"https:\/\/kthtx.vn\/index.php\/tag\/hop-tac-xa-tin-dung\/\" class=\"tag-cloud-link tag-link-23 tag-link-position-10\" style=\"font-size: 12.581818181818pt;\" aria-label=\"h\u1ee3p t\u00e1c x\u00e3 t\u00edn d\u1ee5ng (2 m\u1ee5c)\">h\u1ee3p t\u00e1c x\u00e3 t\u00edn d\u1ee5ng<\/a>\n<a href=\"https:\/\/kthtx.vn\/index.php\/tag\/ke-toan-hop-tac-xa\/\" class=\"tag-cloud-link tag-link-28 tag-link-position-11\" style=\"font-size: 8pt;\" aria-label=\"k\u1ebf to\u00e1n h\u1ee3p t\u00e1c x\u00e3 (1 m\u1ee5c)\">k\u1ebf to\u00e1n h\u1ee3p t\u00e1c x\u00e3<\/a>\n<a href=\"https:\/\/kthtx.vn\/index.php\/tag\/ke-toan-hop-tac-xa-viet-nam\/\" class=\"tag-cloud-link tag-link-31 tag-link-position-12\" style=\"font-size: 8pt;\" aria-label=\"k\u1ebf to\u00e1n h\u1ee3p t\u00e1c x\u00e3 vi\u1ec7t nam (1 m\u1ee5c)\">k\u1ebf to\u00e1n h\u1ee3p t\u00e1c x\u00e3 vi\u1ec7t nam<\/a>\n<a href=\"https:\/\/kthtx.vn\/index.php\/tag\/ke-toan-tien-htx\/\" class=\"tag-cloud-link tag-link-15 tag-link-position-13\" style=\"font-size: 12.581818181818pt;\" aria-label=\"k\u1ebf to\u00e1n ti\u1ec1n htx (2 m\u1ee5c)\">k\u1ebf to\u00e1n ti\u1ec1n htx<\/a>\n<a href=\"https:\/\/kthtx.vn\/index.php\/tag\/luat-hop-tac-xa-2021\/\" class=\"tag-cloud-link tag-link-22 tag-link-position-14\" style=\"font-size: 8pt;\" aria-label=\"lu\u1eadt h\u1ee3p t\u00e1c x\u00e3 2021 (1 m\u1ee5c)\">lu\u1eadt h\u1ee3p t\u00e1c x\u00e3 2021<\/a>\n<a href=\"https:\/\/kthtx.vn\/index.php\/tag\/phan-tich-bao-cao-tai-chinh\/\" class=\"tag-cloud-link tag-link-176 tag-link-position-15\" style=\"font-size: 18.181818181818pt;\" aria-label=\"ph\u00e2n t\u00edch b\u00e1o c\u00e1o t\u00e0i ch\u00ednh (4 m\u1ee5c)\">ph\u00e2n t\u00edch b\u00e1o c\u00e1o t\u00e0i ch\u00ednh<\/a>\n<a href=\"https:\/\/kthtx.vn\/index.php\/tag\/phan-tich-tai-chinh\/\" class=\"tag-cloud-link tag-link-171 tag-link-position-16\" style=\"font-size: 12.581818181818pt;\" aria-label=\"ph\u00e2n t\u00edch t\u00e0i ch\u00ednh (2 m\u1ee5c)\">ph\u00e2n t\u00edch t\u00e0i ch\u00ednh<\/a>\n<a href=\"https:\/\/kthtx.vn\/index.php\/tag\/phan-tich-tai-chinh-htx\/\" class=\"tag-cloud-link tag-link-19 tag-link-position-17\" style=\"font-size: 12.581818181818pt;\" aria-label=\"ph\u00e2n t\u00edch t\u00e0i ch\u00ednh htx (2 m\u1ee5c)\">ph\u00e2n t\u00edch t\u00e0i ch\u00ednh htx<\/a>\n<a href=\"https:\/\/kthtx.vn\/index.php\/tag\/phan-mem-ke-toan-htx\/\" class=\"tag-cloud-link tag-link-179 tag-link-position-18\" style=\"font-size: 12.581818181818pt;\" aria-label=\"ph\u1ea7n m\u1ec1m k\u1ebf to\u00e1n HTX (2 m\u1ee5c)\">ph\u1ea7n m\u1ec1m k\u1ebf to\u00e1n HTX<\/a>\n<a href=\"https:\/\/kthtx.vn\/index.php\/tag\/phan-mem-ke-toan-hop-tac-xa-nong-nghiep\/\" class=\"tag-cloud-link tag-link-32 tag-link-position-19\" style=\"font-size: 12.581818181818pt;\" aria-label=\"ph\u1ea7n m\u1ec1m k\u1ebf to\u00e1n h\u1ee3p t\u00e1c x\u00e3 n\u00f4ng nghi\u1ec7p (2 m\u1ee5c)\">ph\u1ea7n m\u1ec1m k\u1ebf to\u00e1n h\u1ee3p t\u00e1c x\u00e3 n\u00f4ng nghi\u1ec7p<\/a>\n<a href=\"https:\/\/kthtx.vn\/index.php\/tag\/quy-dinh-chung-tu-ke-toan-hop-tac-xa\/\" class=\"tag-cloud-link tag-link-30 tag-link-position-20\" style=\"font-size: 8pt;\" aria-label=\"quy \u0111\u1ecbnh ch\u1ee9ng t\u1eeb k\u1ebf to\u00e1n h\u1ee3p t\u00e1c x\u00e3 (1 m\u1ee5c)\">quy \u0111\u1ecbnh ch\u1ee9ng t\u1eeb k\u1ebf to\u00e1n h\u1ee3p t\u00e1c x\u00e3<\/a>\n<a href=\"https:\/\/kthtx.vn\/index.php\/tag\/quan-ly-chan-nuoi-lon\/\" class=\"tag-cloud-link tag-link-238 tag-link-position-21\" style=\"font-size: 12.581818181818pt;\" aria-label=\"Qu\u1ea3n l\u00fd ch\u0103n nu\u00f4i l\u1ee3n (2 m\u1ee5c)\">Qu\u1ea3n l\u00fd ch\u0103n nu\u00f4i l\u1ee3n<\/a>\n<a href=\"https:\/\/kthtx.vn\/index.php\/tag\/quan-ly-tai-san\/\" class=\"tag-cloud-link tag-link-82 tag-link-position-22\" style=\"font-size: 12.581818181818pt;\" aria-label=\"qu\u1ea3n l\u00fd t\u00e0i s\u1ea3n (2 m\u1ee5c)\">qu\u1ea3n l\u00fd t\u00e0i s\u1ea3n<\/a>\n<a href=\"https:\/\/kthtx.vn\/index.php\/tag\/quan-tri-chien-luoc\/\" class=\"tag-cloud-link tag-link-93 tag-link-position-23\" style=\"font-size: 22pt;\" aria-label=\"qu\u1ea3n tr\u1ecb chi\u1ebfn l\u01b0\u1ee3c (6 m\u1ee5c)\">qu\u1ea3n tr\u1ecb chi\u1ebfn l\u01b0\u1ee3c<\/a>\n<a href=\"https:\/\/kthtx.vn\/index.php\/tag\/quan-tri-htx\/\" class=\"tag-cloud-link tag-link-58 tag-link-position-24\" style=\"font-size: 12.581818181818pt;\" aria-label=\"qu\u1ea3n tr\u1ecb htx (2 m\u1ee5c)\">qu\u1ea3n tr\u1ecb htx<\/a>\n<a href=\"https:\/\/kthtx.vn\/index.php\/tag\/quan-tri-khach-hang\/\" class=\"tag-cloud-link tag-link-100 tag-link-position-25\" style=\"font-size: 12.581818181818pt;\" aria-label=\"qu\u1ea3n tr\u1ecb kh\u00e1ch h\u00e0ng (2 m\u1ee5c)\">qu\u1ea3n tr\u1ecb kh\u00e1ch h\u00e0ng<\/a>\n<a href=\"https:\/\/kthtx.vn\/index.php\/tag\/quan-tri-kinh-doanh\/\" class=\"tag-cloud-link tag-link-192 tag-link-position-26\" style=\"font-size: 12.581818181818pt;\" aria-label=\"qu\u1ea3n tr\u1ecb kinh doanh (2 m\u1ee5c)\">qu\u1ea3n tr\u1ecb kinh doanh<\/a>\n<a href=\"https:\/\/kthtx.vn\/index.php\/tag\/quan-tri-quan-he-khach-hang\/\" class=\"tag-cloud-link tag-link-113 tag-link-position-27\" style=\"font-size: 18.181818181818pt;\" aria-label=\"qu\u1ea3n tr\u1ecb quan h\u1ec7 kh\u00e1ch h\u00e0ng (4 m\u1ee5c)\">qu\u1ea3n tr\u1ecb quan h\u1ec7 kh\u00e1ch h\u00e0ng<\/a>\n<a href=\"https:\/\/kthtx.vn\/index.php\/tag\/quan-tri-tai-chinh\/\" class=\"tag-cloud-link tag-link-106 tag-link-position-28\" style=\"font-size: 15.636363636364pt;\" aria-label=\"qu\u1ea3n tr\u1ecb t\u00e0i ch\u00ednh (3 m\u1ee5c)\">qu\u1ea3n tr\u1ecb t\u00e0i ch\u00ednh<\/a>\n<a href=\"https:\/\/kthtx.vn\/index.php\/tag\/quan-tri-tai-chinh-htx\/\" class=\"tag-cloud-link tag-link-26 tag-link-position-29\" style=\"font-size: 8pt;\" aria-label=\"qu\u1ea3n tr\u1ecb t\u00e0i ch\u00ednh htx (1 m\u1ee5c)\">qu\u1ea3n tr\u1ecb t\u00e0i ch\u00ednh htx<\/a>\n<a href=\"https:\/\/kthtx.vn\/index.php\/tag\/quy-tin-dung-nhan-dan-qtnd\/\" class=\"tag-cloud-link tag-link-131 tag-link-position-30\" style=\"font-size: 12.581818181818pt;\" aria-label=\"Qu\u1ef9 t\u00edn d\u1ee5ng nh\u00e2n d\u00e2n (QTND) (2 m\u1ee5c)\">Qu\u1ef9 t\u00edn d\u1ee5ng nh\u00e2n d\u00e2n (QTND)<\/a>\n<a href=\"https:\/\/kthtx.vn\/index.php\/tag\/thue-thu-nhap-ca-nhan\/\" class=\"tag-cloud-link tag-link-49 tag-link-position-31\" style=\"font-size: 12.581818181818pt;\" aria-label=\"thu\u1ebf thu nh\u1eadp c\u00e1 nh\u00e2n (2 m\u1ee5c)\">thu\u1ebf thu nh\u1eadp c\u00e1 nh\u00e2n<\/a>\n<a href=\"https:\/\/kthtx.vn\/index.php\/tag\/thue-tncn-2023\/\" class=\"tag-cloud-link tag-link-122 tag-link-position-32\" style=\"font-size: 12.581818181818pt;\" aria-label=\"thu\u1ebf TNCN 2023 (2 m\u1ee5c)\">thu\u1ebf TNCN 2023<\/a>\n<a href=\"https:\/\/kthtx.vn\/index.php\/tag\/thong-tu-24-2017-tt-btc\/\" class=\"tag-cloud-link tag-link-14 tag-link-position-33\" style=\"font-size: 12.581818181818pt;\" aria-label=\"th\u00f4ng t\u01b0 24\/2017\/TT-BTC (2 m\u1ee5c)\">th\u00f4ng t\u01b0 24\/2017\/TT-BTC<\/a>\n<a href=\"https:\/\/kthtx.vn\/index.php\/tag\/thong-tu-71-2024-tt-btc\/\" class=\"tag-cloud-link tag-link-178 tag-link-position-34\" style=\"font-size: 20.218181818182pt;\" aria-label=\"th\u00f4ng t\u01b0 71\/2024\/TT-BTC (5 m\u1ee5c)\">th\u00f4ng t\u01b0 71\/2024\/TT-BTC<\/a>\n<a href=\"https:\/\/kthtx.vn\/index.php\/tag\/tai-chinh-ca-nhan\/\" class=\"tag-cloud-link tag-link-188 tag-link-position-35\" style=\"font-size: 12.581818181818pt;\" aria-label=\"T\u00e0i ch\u00ednh c\u00e1 nh\u00e2n (2 m\u1ee5c)\">T\u00e0i ch\u00ednh c\u00e1 nh\u00e2n<\/a>\n<a href=\"https:\/\/kthtx.vn\/index.php\/tag\/tai-chinh-htx\/\" class=\"tag-cloud-link tag-link-18 tag-link-position-36\" style=\"font-size: 12.581818181818pt;\" aria-label=\"t\u00e0i ch\u00ednh htx (2 m\u1ee5c)\">t\u00e0i ch\u00ednh htx<\/a>\n<a href=\"https:\/\/kthtx.vn\/index.php\/tag\/tai-khoan-111\/\" class=\"tag-cloud-link tag-link-17 tag-link-position-37\" style=\"font-size: 12.581818181818pt;\" aria-label=\"t\u00e0i kho\u1ea3n 111 (2 m\u1ee5c)\">t\u00e0i kho\u1ea3n 111<\/a>\n<a href=\"https:\/\/kthtx.vn\/index.php\/tag\/tai-khoan-632-ke-toan-htx\/\" class=\"tag-cloud-link tag-link-48 tag-link-position-38\" style=\"font-size: 12.581818181818pt;\" aria-label=\"t\u00e0i kho\u1ea3n 632 k\u1ebf to\u00e1n htx (2 m\u1ee5c)\">t\u00e0i kho\u1ea3n 632 k\u1ebf to\u00e1n htx<\/a>\n<a href=\"https:\/\/kthtx.vn\/index.php\/tag\/tai-khoan-642-hop-tac-xa\/\" class=\"tag-cloud-link tag-link-45 tag-link-position-39\" style=\"font-size: 12.581818181818pt;\" aria-label=\"t\u00e0i kho\u1ea3n 642 h\u1ee3p t\u00e1c x\u00e3 (2 m\u1ee5c)\">t\u00e0i kho\u1ea3n 642 h\u1ee3p t\u00e1c x\u00e3<\/a>\n<a href=\"https:\/\/kthtx.vn\/index.php\/tag\/tai-khoan-646\/\" class=\"tag-cloud-link tag-link-42 tag-link-position-40\" style=\"font-size: 12.581818181818pt;\" aria-label=\"t\u00e0i kho\u1ea3n 646 (2 m\u1ee5c)\">t\u00e0i kho\u1ea3n 646<\/a>\n<a href=\"https:\/\/kthtx.vn\/index.php\/tag\/tai-khoan-658\/\" class=\"tag-cloud-link tag-link-41 tag-link-position-41\" style=\"font-size: 12.581818181818pt;\" aria-label=\"t\u00e0i kho\u1ea3n 658 (2 m\u1ee5c)\">t\u00e0i kho\u1ea3n 658<\/a>\n<a href=\"https:\/\/kthtx.vn\/index.php\/tag\/tai-khoan-ke-toan-htx-tt-24\/\" class=\"tag-cloud-link tag-link-13 tag-link-position-42\" style=\"font-size: 12.581818181818pt;\" aria-label=\"t\u00e0i kho\u1ea3n k\u1ebf to\u00e1n HTX TT 24 (2 m\u1ee5c)\">t\u00e0i kho\u1ea3n k\u1ebf to\u00e1n HTX TT 24<\/a>\n<a href=\"https:\/\/kthtx.vn\/index.php\/tag\/tin-dung-noi-bo-htx\/\" class=\"tag-cloud-link tag-link-24 tag-link-position-43\" style=\"font-size: 8pt;\" aria-label=\"t\u00edn d\u1ee5ng n\u1ed9i b\u1ed9 htx (1 m\u1ee5c)\">t\u00edn d\u1ee5ng n\u1ed9i b\u1ed9 htx<\/a>\n<a href=\"https:\/\/kthtx.vn\/index.php\/tag\/van-ban-hop-tac-xa\/\" class=\"tag-cloud-link tag-link-21 tag-link-position-44\" style=\"font-size: 8pt;\" aria-label=\"v\u0103n b\u1ea3n h\u1ee3p t\u00e1c x\u00e3 (1 m\u1ee5c)\">v\u0103n b\u1ea3n h\u1ee3p t\u00e1c x\u00e3<\/a>\n<a href=\"https:\/\/kthtx.vn\/index.php\/tag\/von-hop-tac-xa\/\" class=\"tag-cloud-link tag-link-12 tag-link-position-45\" style=\"font-size: 8pt;\" aria-label=\"v\u1ed1n h\u1ee3p t\u00e1c x\u00e3 (1 m\u1ee5c)\">v\u1ed1n h\u1ee3p t\u00e1c x\u00e3<\/a><\/p>","protected":false},"excerpt":{"rendered":"<p>M\u00e0n h\u00ecnh ch\u00ednh c\u1ee7a ph\u1ea7n m\u1ec1m k\u1ebf to\u00e1n h\u1ee3p t\u00e1c x\u00e3 n\u00f4ng nghi\u1ec7p, d\u1ecbch v\u1ee5 n\u00f4ng nghi\u1ec7p, t\u00edn d\u1ee5ng n\u1ed9i b\u1ed9, h\u1ee3p t\u00e1c x\u00e3 \u0111i\u1ec7n. M\u1eabu phi\u1ebfu chi ch\u1ebf \u0111\u1ed9 k\u1ebf to\u00e1n h\u1ee3p t\u00e1c x\u00e3 hi\u1ec7n th\u00e0nh C\u00e1c b\u00e1o c\u00e1o t\u00e0i ch\u00ednh theo th\u00f4ng t\u01b0 s\u1ed1 71\/2024\/TT-BTC. Ph\u1ea7n m\u1ec1m k\u1ebf to\u00e1n h\u1ee3p t\u00e1c x\u00e3 n\u0103m &hellip; <\/p>\n","protected":false},"author":1,"featured_media":2643,"parent":0,"menu_order":0,"comment_status":"closed","ping_status":"closed","template":"","meta":{"_mi_skip_tracking":false,"_monsterinsights_sitenote_active":false,"_monsterinsights_sitenote_note":"","_monsterinsights_sitenote_category":0,"footnotes":""},"class_list":["post-6","page","type-page","status-publish","has-post-thumbnail","hentry","grid-sizer"],"_links":{"self":[{"href":"https:\/\/kthtx.vn\/index.php\/wp-json\/wp\/v2\/pages\/6","targetHints":{"allow":["GET"]}}],"collection":[{"href":"https:\/\/kthtx.vn\/index.php\/wp-json\/wp\/v2\/pages"}],"about":[{"href":"https:\/\/kthtx.vn\/index.php\/wp-json\/wp\/v2\/types\/page"}],"author":[{"embeddable":true,"href":"https:\/\/kthtx.vn\/index.php\/wp-json\/wp\/v2\/users\/1"}],"replies":[{"embeddable":true,"href":"https:\/\/kthtx.vn\/index.php\/wp-json\/wp\/v2\/comments?post=6"}],"version-history":[{"count":46,"href":"https:\/\/kthtx.vn\/index.php\/wp-json\/wp\/v2\/pages\/6\/revisions"}],"predecessor-version":[{"id":2701,"href":"https:\/\/kthtx.vn\/index.php\/wp-json\/wp\/v2\/pages\/6\/revisions\/2701"}],"wp:featuredmedia":[{"embeddable":true,"href":"https:\/\/kthtx.vn\/index.php\/wp-json\/wp\/v2\/media\/2643"}],"wp:attachment":[{"href":"https:\/\/kthtx.vn\/index.php\/wp-json\/wp\/v2\/media?parent=6"}],"curies":[{"name":"wp","href":"https:\/\/api.w.org\/{rel}","templated":true}]}}